 3).
-6
Evaluate -7 - (2 - (-6 - (-2 - (-5 + 0)))).
-18
What is the value of (8 - 2) + (-6 - (4 - -2)) - -15?
9
13 + -1 + -9 + 2
5
What is the value of -6 - (-15 + (23 - 0))?
-14
What is the value of 0 + -4 - (13 - 33 - -12)?
4
2 + 8 + (-15 - (4 + -20)) + -7
4
Evaluate (-3 - -11 - (5 + -3)) + -7 + -5.
-6
What is (-2 - -6) + (2 - 3) + (444 - 462)?
-15
27 - 23 - (-14 + 4 - -4)
10
What is the value of (-2 - -35) + (5 - (-33 + 46))?
25
21 - (13 + 10) - (25 - 0) - 10
-37
Calculate -10 - (19 - (0 - -13) - (1 + 6)).
-9
What is (-1 - -23) + -24 - -15?
13
What is the value of -5 - ((11 - 24) + 19)?
-11
Evaluate -89 - -96 - (4 - 2).
5
What is -17 + (-4 - (-33 - -14)) + -32 + 5?
-29
67 - 74 - (0 - -2 - 12) - -16
19
What is the value of (-1 - -41 - 48) + (5 - 1)?
-4
What is the value of -3 + (-15 - -2) - (-943 + 960)?
-33
Evaluate 3 + 13 + -18 + 0 + -2.
-4
Evaluate 26 - (9 + (4 - 15) + 7).
21
What is the value of (1 + -8 - (33 - (-2 - -3))) + 2?
-37
Evaluate 2 - (-59 - -50) - (1 - -11).
-1
9 - (1 + -17 + 13 + 10)
2
What is the value of -21 - (-25 + 14 + 3)?
-13
Evaluate 15 - 0 - (-15 + 17 + -4 + 1).
16
What is (2 - 0) + (-15 - (5 - (6 - -18)))?
6
Evaluate 11 - 20 - (7 - 13).
-3
What is 0 - -18 - 4 - 5?
9
Evaluate (-19 - (-39 + 18)) + 2 + -2.
2
What is the value of (24 - ((0 - 11) + 12)) + (-8 - -2)?
17
Calculate -15 + 7 + 0 + 4 + -5.
-9
19 - (11 + 15 + -10)
3
Calculate 16 + -8 + 0 + -8 - 1.
-1
What is the value of (8 - 2) + (-3 - 3 - -13)?
13
17 - (2 + -2) - (20 - (18 - 4))
11
Calculate (2 - 2) + 7 + -4 + 0 - 5.
-2
Calculate 21 + (-94 - (-70 + 26)).
-29
What is the value of -48 + 40 - (-1 + -6) - -9?
8
-2 - 2 - ((-2 - -9) + -8) - 5
-8
Evaluate (-1046 + 1039 - (-1 - (1 - 35))) + 4.
-36
Evaluate (2 - -13) + (-5 + -6 - -6) + 0.
10
What is the value of (9 - -7) + (34 - 53)?
-3
-2 - (11 - (-16 + 7 + 13))
-9
Calculate 4 + 2 + -1 + -1 + (54 - 60).
-2
Calculate (-10 - 0 - (-53 - -35)) + 0.
8
Evaluate (-30 - -16 - -18) + -12.
-8
What is 25 + (-24 - -17) + -28 + 9?
-1
Evaluate 4 - (-17 + 2 - -14).
5
What is (54 - 38 - -15) + -27?
4
Evaluate (-11 + -9 - -9) + -6 + 37.
20
What is -14 + -37 + 7 + 20?
-24
-4 + (-1 + 8 - -5 - -3)
11
6 + -5 - (-36 - -2) - (15 - 15)
35
1 - 8 - (-2 - 0 - 0)
-5
148 - 172 - (-25 - -3)
-2
(14 - 11 - 4) + -26 + 0
-27
Evaluate -8 + -12 + 15 + 7 + (-6 - -39).
35
7 + 0 - (-32 + (31 - 15))
23
Evaluate -5 + -8 + 12 + -2 + -6.
-9
Evaluate -12 + -2 + (18 - 18).
-14
What is the value of (1 - -4) + 79 + -98?
-14
(-32 - -40) + -3 + 1 - 7 - 3
-4
Calculate -10 - 2 - ((-22 - -9) + 7 + 6).
-12
What is the value of -12 + 37 + (-3 - 13)?
9
What is the value of -7 + 2 - (-1 + 1 + (-80 - -63))?
12
Calculate -3 - (-20 + 7 + 6 + 7).
-3
What is the value of (213 - 203) + 1 + -4 - 4?
3
What is the value of (-15 + -17 - -2 - -13) + 9?
-8
What is (20 - 32 - -29) + -14?
3
What is -44 - -2 - (26 - 50)?
-18
(22 - -2) + -47 + 36
13
What is the value of (-1 - -3 - (9 - 9)) + -14 + 7?
-5
What is the value of 13 - -3 - (2 - -1 - -4)?
9
What is 4 + (1 - -8 - 12)?
1
What is -35 + 23 + (28 - 5)?
11
Evaluate -4 + 1 + 3 + (-43 - -30).
-13
(-2 - -2 - -9) + 103 + -102
10
Evaluate 15 + (-20 - (13 + -7)).
-11
What is -20 - ((-15 - -5) + 6)?
-16
What is -16 + 45 + -3 - 0?
26
Evaluate -1 - (0 + 2) - (40 + -19 + -12).
-12
(-8 + 38 - (11 - 3)) + -4
18
Evaluate 2 + 1 + 4 + (29 - (-10 - -22)).
24
Evaluate 23 + 6 + -14 - (1 - -2).
12
Evaluate -5 - (-27 - -22) - ((-2 - -4) + 0).
-2
What is 7 + -2 + (-14 + 14 - 1)?
4
What is 3 + (-9 + -9 + 11 - 4)?
-8
Calculate (-2 - 0) + (22 - 24 - (2 - 4)).
-2
Calculate -2 - -22 - (332 + -333).
21
Evaluate -25 + 12 + 11 + 10 + 0 - -5.
13
Evaluate (6 + -10 - (1 + 3)) + 12.
4
10 + 6 + -1 + -7 + (-5 - -3)
6
Calculate (1 - (-16 - (-15 - -6))) + -18.
-10
What is the value of -46 - (21 + -28) - -31?
-8
Evaluate -5 + -2 - (36 + -42).
-1
What is the value of 0 - ((1 - 5) + (16 - (-24 + 20)))?
-16
Evaluate (-51 + -6 - -16) + 16 - (-1 + -2).
-22
What is the value of 15 - (37 - -5 - (24 - 9))?
-12
What is the value of (5 - 4) + (1 - 1) + 9?
10
What is 0 - 0 - (11 - (14 - 2 - -5))?
6
What is the value of 4 + (8 + -2 - (8 - 1))?
3
What is (-11 - -6 - -15) + 11 + -5?
16
Calculate (-54 - -43) + 6 + -10.
-15
Evaluate 0 + 4 + -4 - (10 - (6 + -2)).
-6
Calculate 3 + 7 + -6 + 0 + 2.
6
Evaluate 2 + 20 + (-8 - 1) + -2.
11
What is the value of (1 - 8) + 181 + -171 + 6?
9
Evaluate -3 + (9 + 3 - 1) - -3.
11
16 + -11 - (5 + 9 + 0)
-9
What is the value of (7 - 0) + -2 + (12 - 3 - 4)?
10
What is (-7 + 1 - 12 - -4) + 4?
-10
What is the value of -1396 + 1383 + (4 - 2) + 1?
-10
Evaluate -21 - (-9 + (-4 - -3) + 3).
-14
Evaluate 11 + (-2 - -4 - (1 + -1 + 7)).
6
What is the value of (-34 - -1) + (-364 - -402)?
5
Evaluate (-13 - (38 + -20) - 1) + 1 + 6.
-25
What is the value of -12 + -7 - -7 - -25?
13
Evaluate 1 + (4 - 12) + (-1 - -1).
-7
What is 4 - 20 - (-138 + 96)?
26
What is the value of -2 + 1 + 1 - (15 + (-15 - -12))?
-12
What is 2 + (-2 - 16) - -23 - -12?
19
Calculate (187 - 171) + -17 + -1.
-2
What is (2 - 7) + (9 - 11 - -5)?
-2
-19 - (2 - 22) - (-1 - 1)
3
Calculate (25 + -13 + -14 - -3) + -12.
-11
What is the value of 1371 + -1365 - ((1 - -5) + (-2 - -1))?
1
Evaluate 14 - 33 - -9 - -7.
-3
-1 - ((-7 - (-2 + 4)) + -2 + -1)
11
10 - (2 + 0 - 1)
9
13 + -3 + (-48 - -50)
12
Calculate -21 - (-17 - 14) - (29 + -2).
-17
Calculate -3 + 11 + (-9 - -7) + 11.
17
Calculate (7 + -8 - 4) + 6 + (-19 - -3).
-15
Calculate 34 + -86 - (27 + -70).
-9
(2 - 1) + (48 - 45) + -34
-30
Evaluate (18 - (8 + -3)) + -15.
-2
What is 6 + (2 - 1) - (-22 + -9 + 32)?
6
(-8 - -9 - 0) + -7 + 3
-3
What is the value of -16 - (6 - (13 + -13 + 13))?
-9
Evaluate (-18 - (-17 + -11)) + -25.
-15
Calculate (-21 - -20) + -1 + 0 + -2 - -5.
1
Calculate 26 + (28 - 74) + 10.
-10
What is the value of 11 + -7 + -11 + 21 - (10 - 1)?
5
What is (-2 - 31) + 64 + -9 + -38?
-16
What is the value of -3 - 15 - (2 - (2 + (2 - -6)))?
-10
Calculate (-5 + 8 - 1) + -7 + (-1 - 9).
-15
(10 + 47 - 34) + -33
-10
Evaluate 0 - -17 - (-18 - (-12 + -10)).
13
Calculate 0 + -20 - (84 + -38 - 35).
-31
What is the value of 17 + (-34 - -30) + 5?
18
What is (1 + 3 - 6) + (-4 - 1)?
-7
What is the value of -19 + -6 + 17 + 10?
2
(-2 - -4) + -19 + 350 + -347
-14
Calculate 17 + 4 + -49 + 16 - -3.
-9
Evaluate (6 - 7) + -2 + -4 + (-53 - -65).
5
(-6 - 2) + 2 - 0 - -10
4
What is the value of (2 - -15) + -12 - -14?
19
Evaluate (-3 - (12 - 5)) + -10 + -2.
-22
What is the value of 13 + -19 + 38 + -31 + (2 - -1)?
4
6 - 10 - (1 + -21) - (-27 - -25)
18
50 + -52 + 2 + -2 + (6 - 2)
2
What is the value of 11 + (25 + -10 - 7) - (1 - -6)?
12
-2 + -2 + (-3 - (-11 - (2 - 5)))
1
Evaluate -248 + 245 - (-7 - (0 - -1)).
5
What is the value of -89 + 111 - (3 + 0 + 2)?
17
What is -9 + (8 - 9 - -16) - -5?
11
What is -58 - (8 - 64) - (-15 + -1)?
14
What is the value of 10 - (1 - 4 - -8) - -3?
8
What is -25 - -41 - 5 - (7 + 0)?
4
1 + (-8 - -5) + 5 + (10 - 34)
-21
Calculate -11 - -2 - (10 - 12) - (1 + -2).
-6
Calculate -4 + (-1 - -2) - (7 + 10).
-20
What is 7 + -6 - (16 - 23)?
8
What is -28 + ((-4 - -29) + -9 - 9)?
-21
Calculate -4 + 6 + 18 + -10.
10
What is the value of (35 - 15 - 2) + -4?
14
Calculate -24 - -31 - (-2 + (3 - 2)).
8
What is the value of (-4 - (72 - 88 - (-3 - 1))) + 25?
33
(29 - 40) + 0 + -3 + 6 + -11
-19
What is 29 - 12 - (-23 + 47)?
-7
What is -1 - -8 - (13 + 2 + -17)?
9
What is the value of (-229 - -230) + 3 + -18?
-14
Calculate 32 + -17 + -17 + (-14 - 0).
-16
What is the value of 19 - -3 - (-245 - -266)?
1
Calculate 4 - (0 + -6 - -8) - 14.
-12
What is the value of 12 - 33 - -27 - (2 + -4)?
8
Evaluate (-8 - -1 - (2 - -9 - 5)) + -3.
-16
What is the value of (-17 - (-20 + 2)) + 1 + 0 + -2?
0
(8 - -1) + -16 + 0 + -4 + 3
-8
Calculate -23 + 8 + 4 + 12.
1
What is the value of 1 + 6 + 1 - (-7 + (-12 - -25))?
2
Calculate 15 - (2 + 6 + 18).
-11
What is -17 + 9 + 13 + 8?
13
39 + (5 - 6) - 21
17
4 - 3 - 7 - (290 + -313)
17
What is 1 - 4 - 1 - (10 - 28)?
14
What is (-19 - -6) + 21 - (-2 - -3)?
7
What is the value of -5 + -6 - (0 + -16)?
5
0 + -26 + (3 - -11 - 6)
-18
(-37 - (-2 + -42)) + 14 + 2 + 1
24
Evaluate 4 + -23 - -28 - 1.
8
What is the value of 15 + (-33 - (-15 + 6)) + -16 + 1?
-24
What is the value of -14 + -7 + (35 - 13)?
1
-4 + (8 - -5) - 2
7
0 + -2 + -17 + 4 + 6
-9
What i